{"id":37,"date":"2026-01-25T08:39:05","date_gmt":"2026-01-25T08:39:05","guid":{"rendered":"https:\/\/heartacademy.edu.vn\/index.php\/contact\/"},"modified":"2026-02-05T13:08:17","modified_gmt":"2026-02-05T13:08:17","slug":"contact","status":"publish","type":"page","link":"https:\/\/heartacademy.edu.vn\/index.php\/contact\/","title":{"rendered":"Li\u00ean H\u1ec7"},"content":{"rendered":"\t\t<div data-elementor-type=\"wp-page\" data-elementor-id=\"37\" class=\"elementor elementor-37\" data-elementor-post-type=\"page\">\n\t\t\t\t<div class=\"elementor-element elementor-element-9a5ed4b e-con-full e-flex e-con e-parent\" data-id=\"9a5ed4b\" data-element_type=\"container\">\n\t\t\t\t<div class=\"elementor-element elementor-element-1fcb81c elementor-widget elementor-widget-html\" data-id=\"1fcb81c\" data-element_type=\"widget\" data-widget_type=\"html.default\">\n\t\t\t\t\t<!DOCTYPE html>\r\n<html lang=\"en\"><head>\r\n<meta charset=\"utf-8\"\/>\r\n<meta content=\"width=device-width, initial-scale=1.0\" name=\"viewport\"\/>\r\n<title>Li\u00ean h\u1ec7 - Heart Academy<\/title>\r\n<script src=\"https:\/\/cdn.tailwindcss.com?plugins=forms,typography\"><\/script>\r\n<link href=\"https:\/\/fonts.googleapis.com\/css2?family=Inter:wght@300;400;500;600;700&amp;display=swap\" rel=\"stylesheet\"\/>\r\n<link href=\"https:\/\/fonts.googleapis.com\/icon?family=Material+Icons\" rel=\"stylesheet\"\/>\r\n<script>\r\n        tailwind.config = {\r\n            darkMode: \"class\",\r\n            theme: {\r\n                extend: {\r\n                    colors: {\r\n                        primary: \"#3B4DA8\", \/\/ Royal Blue\r\n                        secondary: \"#E94B68\", \/\/ Pink\/Red\r\n                        \"background-light\": \"#F3F4F6\",\r\n                        \"background-dark\": \"#111827\",\r\n                        \"surface-light\": \"#FFFFFF\",\r\n                        \"surface-dark\": \"#1F2937\",\r\n                        \"text-light\": \"#1F2937\",\r\n                        \"text-dark\": \"#F9FAFB\",\r\n                    },\r\n                    fontFamily: {\r\n                        display: [\"Inter\", \"sans-serif\"],\r\n                        body: [\"Inter\", \"sans-serif\"],\r\n                    },\r\n                    borderRadius: {\r\n                        DEFAULT: \"0.5rem\",\r\n                    },\r\n                },\r\n            },\r\n        };\r\n    <\/script>\r\n<style>\r\n        body {\r\n            background-color: #F3F4F6 !important;\r\n        }\r\n        \r\n        .map-container iframe {\r\n            width: 100%;\r\n            height: 100%;\r\n        }\r\n        \r\n        \/* Target main content containers only *\/\r\n        main > div.bg-surface-light,\r\n        main > div.rounded-xl {\r\n            background-color: #ffffff !important;\r\n        }\r\n        \r\n        \/* White backgrounds for contact info and form sections *\/\r\n        main .grid.grid-cols-1.lg\\:grid-cols-2 > div {\r\n            background-color: #ffffff !important;\r\n        }\r\n        \r\n        \/* White backgrounds for FAQ cards *\/\r\n        details.bg-white {\r\n            background-color: #ffffff !important;\r\n        }\r\n        \r\n        \/* Override WordPress\/Elementor dark backgrounds *\/\r\n        .elementor-widget-container,\r\n        .elementor-widget-html {\r\n            background-color: transparent !important;\r\n        }\r\n        \r\n        \/* Ensure text remains visible *\/\r\n        .text-gray-900,\r\n        .text-gray-600,\r\n        .text-gray-700 {\r\n            color: inherit !important;\r\n        }\r\n        \r\n        \/* Fix input fields - white background with dark text *\/\r\n        input[type=\"text\"],\r\n        input[type=\"email\"],\r\n        input[type=\"tel\"],\r\n        textarea,\r\n        select {\r\n            background-color: #ffffff !important;\r\n            color: #1F2937 !important;\r\n            border-color: #d1d5db !important;\r\n        }\r\n        \r\n        \/* Fix placeholder text visibility *\/\r\n        input::placeholder,\r\n        textarea::placeholder {\r\n            color: #9CA3AF !important;\r\n            opacity: 1 !important;\r\n        }\r\n        \r\n        \/* Fix select options *\/\r\n        select option {\r\n            color: #1F2937 !important;\r\n            background-color: #ffffff !important;\r\n        }\r\n    <\/style>\r\n<\/head>\r\n<body class=\"bg-background-light dark:bg-background-dark font-body text-text-light dark:text-text-dark antialiased transition-colors duration-300\">\r\n<\/div>\r\n<\/div>\r\n<\/div>\r\n<\/nav>\r\n<header class=\"bg-primary dark:bg-blue-900 py-12 sm:py-16\">\r\n<div class=\"max-w-7xl mx-auto px-4 sm:px-6 lg:px-8 text-center\">\r\n<h1 class=\"text-3xl font-extrabold tracking-tight text-white sm:text-4xl\">Li\u00ean h\u1ec7 v\u1edbi ch\u00fang t\u00f4i<\/h1>\r\n<p class=\"mt-4 text-lg text-blue-100 max-w-2xl mx-auto\">\r\n                S\u1eb5n s\u00e0ng n\u00e2ng cao s\u1ef1 nghi\u1ec7p marketing b\u1ea5t \u0111\u1ed9ng s\u1ea3n c\u1ee7a b\u1ea1n? Ch\u00fang t\u00f4i lu\u00f4n s\u1eb5n l\u00f2ng tr\u1ea3 l\u1eddi m\u1ecdi c\u00e2u h\u1ecfi v\u1ec1 c\u00e1c kh\u00f3a h\u1ecdc v\u00e0 ch\u01b0\u01a1ng tr\u00ecnh \u0111\u00e0o t\u1ea1o c\u1ee7a ch\u00fang t\u00f4i.\r\n            <\/p>\r\n<\/div>\r\n<\/header>\r\n<main class=\"max-w-7xl mx-auto px-4 sm:px-6 lg:px-8 py-16\">\r\n<div class=\"bg-surface-light dark:bg-surface-dark rounded-xl shadow-xl overflow-hidden grid grid-cols-1 lg:grid-cols-2\">\r\n<div class=\"p-8 sm:p-12 lg:p-16 bg-white dark:bg-surface-dark relative overflow-hidden\">\r\n<div class=\"relative z-10\">\r\n<h2 class=\"text-2xl font-bold text-gray-900 dark:text-white mb-8\">Th\u00f4ng tin li\u00ean h\u1ec7<\/h2>\r\n<div class=\"space-y-8\">\r\n<div class=\"flex items-start\">\r\n<div class=\"flex-shrink-0\">\r\n<span class=\"inline-flex items-center justify-center h-12 w-12 rounded-full bg-blue-100 dark:bg-blue-900\/30 text-primary\">\r\n<span class=\"material-icons\">location_on<\/span>\r\n<\/span>\r\n<\/div>\r\n<div class=\"ml-4\">\r\n<h3 class=\"text-lg font-medium text-gray-900 dark:text-white\">Tr\u1ee5 s\u1edf ch\u00ednh<\/h3>\r\n<p class=\"mt-2 text-base text-gray-600 dark:text-gray-300\">\r\n                                    123 \u0110\u01b0\u1eddng Nguy\u1ec5n V\u0103n Linh,<br\/>\r\n                                    Qu\u1eadn 7, Th\u00e0nh ph\u1ed1 H\u1ed3 Ch\u00ed Minh,<br\/>\r\n                                    Vi\u1ec7t Nam\r\n                                <\/p>\r\n<\/div>\r\n<\/div>\r\n<div class=\"flex items-start\">\r\n<div class=\"flex-shrink-0\">\r\n<span class=\"inline-flex items-center justify-center h-12 w-12 rounded-full bg-red-100 dark:bg-red-900\/30 text-secondary\">\r\n<span class=\"material-icons\">phone<\/span>\r\n<\/span>\r\n<\/div>\r\n<div class=\"ml-4\">\r\n<h3 class=\"text-lg font-medium text-gray-900 dark:text-white\">\u0110\u01b0\u1eddng d\u00e2y n\u00f3ng<\/h3>\r\n<p class=\"mt-2 text-base text-gray-600 dark:text-gray-300\">\r\n<a class=\"hover:text-primary transition-colors\" href=\"tel:+84123456789\">+84 123 456 789<\/a>\r\n<\/p>\r\n<p class=\"text-sm text-gray-500 dark:text-gray-400 mt-1\">Th\u1ee9 Hai - Th\u1ee9 S\u00e1u 8 s\u00e1ng \u0111\u1ebfn 6 t\u1ed1i<\/p>\r\n<\/div>\r\n<\/div>\r\n<div class=\"flex items-start\">\r\n<div class=\"flex-shrink-0\">\r\n<span class=\"inline-flex items-center justify-center h-12 w-12 rounded-full bg-blue-100 dark:bg-blue-900\/30 text-primary\">\r\n<span class=\"material-icons\">email<\/span>\r\n<\/span>\r\n<\/div>\r\n<div class=\"ml-4\">\r\n<h3 class=\"text-lg font-medium text-gray-900 dark:text-white\">G\u1eedi email cho ch\u00fang t\u00f4i<\/h3>\r\n<p class=\"mt-2 text-base text-gray-600 dark:text-gray-300\">\r\n<a class=\"hover:text-primary transition-colors\" href=\"mailto:info@heartacademy.vn\">info@heartacademy.vn<\/a>\r\n<\/p>\r\n<p class=\"mt-1 text-base text-gray-600 dark:text-gray-300\">\r\n<a class=\"hover:text-primary transition-colors\" href=\"mailto:support@heartacademy.vn\">support@heartacademy.vn<\/a>\r\n<\/p>\r\n<\/div>\r\n<\/div>\r\n<\/div>\r\n<div class=\"mt-12\">\r\n<h3 class=\"text-lg font-medium text-gray-900 dark:text-white mb-4\">Theo d\u00f5i ch\u00fang t\u00f4i<\/h3>\r\n<div class=\"flex space-x-4\">\r\n<a class=\"text-gray-400 hover:text-primary dark:hover:text-blue-400 transition-colors\" href=\"#\">\r\n<span class=\"sr-only\">Facebook<\/span>\r\n<svg class=\"h-6 w-6\" fill=\"currentColor\" viewBox=\"0 0 24 24\"><path clip-rule=\"evenodd\" d=\"M22 12c0-5.523-4.477-10-10-10S2 6.477 2 12c0 4.991 3.657 9.128 8.438 9.878v-6.987h-2.54V12h2.54V9.797c0-2.506 1.492-3.89 3.777-3.89 1.094 0 2.238.195 2.238.195v2.46h-1.26c-1.243 0-1.63.771-1.63 1.562V12h2.773l-.443 2.89h-2.33v6.988C18.343 21.128 22 16.991 22 12z\" fill-rule=\"evenodd\"><\/path><\/svg>\r\n<\/a>\r\n<a class=\"text-gray-400 hover:text-primary dark:hover:text-blue-400 transition-colors\" href=\"#\">\r\n<span class=\"sr-only\">LinkedIn<\/span>\r\n<svg class=\"h-6 w-6\" fill=\"currentColor\" viewBox=\"0 0 24 24\"><path clip-rule=\"evenodd\" d=\"M19 0h-14c-2.761 0-5 2.239-5 5v14c0 2.761 2.239 5 5 5h14c2.762 0 5-2.239 5-5v-14c0-2.761-2.238-5-5-5zm-11 19h-3v-11h3v11zm-1.5-12.268c-.966 0-1.75-.79-1.75-1.764s.784-1.764 1.75-1.764 1.75.79 1.75 1.764-.783 1.764-1.75 1.764zm13.5 12.268h-3v-5.604c0-3.368-4-3.113-4 0v5.604h-3v-11h3v1.765c1.396-2.586 7-2.777 7 2.476v6.759z\" fill-rule=\"evenodd\"><\/path><\/svg>\r\n<\/a>\r\n<a class=\"text-gray-400 hover:text-secondary dark:hover:text-red-400 transition-colors\" href=\"#\">\r\n<span class=\"sr-only\">YouTube<\/span>\r\n<svg class=\"h-6 w-6\" fill=\"currentColor\" viewBox=\"0 0 24 24\"><path clip-rule=\"evenodd\" d=\"M19.812 5.418c.861.23 1.538.907 1.768 1.768C21.998 8.746 22 12 22 12s0 3.255-.418 4.814a2.504 2.504 0 0 1-1.768 1.768c-1.56.419-7.814.419-7.814.419s-6.255 0-7.814-.419a2.505 2.505 0 0 1-1.768-1.768C2 15.255 2 12 2 12s0-3.254.418-4.814a2.507 2.507 0 0 1 1.768-1.768C5.744 5 11.998 5 11.998 5s6.255 0 7.814.418ZM15.194 12 10 15V9l5.194 3Z\" fill-rule=\"evenodd\"><\/path><\/svg>\r\n<\/a>\r\n<\/div>\r\n<\/div>\r\n<\/div>\r\n<\/div>\r\n<div class=\"p-8 sm:p-12 lg:p-16 bg-white dark:bg-gray-800\">\r\n<h2 class=\"text-2xl font-bold text-gray-900 dark:text-white mb-6\">G\u1eedi tin nh\u1eafn cho ch\u00fang t\u00f4i<\/h2>\r\n<form action=\"#\" class=\"grid grid-cols-1 gap-y-6\" method=\"POST\">\r\n<div>\r\n<label class=\"block text-sm font-medium text-gray-700 dark:text-gray-300\" for=\"full-name\">H\u1ecd v\u00e0 t\u00ean<\/label>\r\n<div class=\"mt-1\">\r\n<input autocomplete=\"name\" class=\"py-3 px-4 block w-full shadow-sm focus:ring-primary focus:border-primary border-gray-300 dark:border-gray-600 dark:bg-gray-700 dark:text-white rounded-md\" id=\"full-name\" name=\"full-name\" placeholder=\"Nguy\u1ec5n V\u0103n A\" type=\"text\"\/>\r\n<\/div>\r\n<\/div>\r\n<div class=\"grid grid-cols-1 sm:grid-cols-2 gap-6\">\r\n<div>\r\n<label class=\"block text-sm font-medium text-gray-700 dark:text-gray-300\" for=\"phone\">S\u1ed1 \u0111i\u1ec7n tho\u1ea1i<\/label>\r\n<div class=\"mt-1\">\r\n<input autocomplete=\"tel\" class=\"py-3 px-4 block w-full shadow-sm focus:ring-primary focus:border-primary border-gray-300 dark:border-gray-600 dark:bg-gray-700 dark:text-white rounded-md\" id=\"phone\" name=\"phone\" placeholder=\"090 123 4567\" type=\"tel\"\/>\r\n<\/div>\r\n<\/div>\r\n<div>\r\n<label class=\"block text-sm font-medium text-gray-700 dark:text-gray-300\" for=\"email\">\u0110\u1ecba ch\u1ec9 email<\/label>\r\n<div class=\"mt-1\">\r\n<input autocomplete=\"email\" class=\"py-3 px-4 block w-full shadow-sm focus:ring-primary focus:border-primary border-gray-300 dark:border-gray-600 dark:bg-gray-700 dark:text-white rounded-md\" id=\"email\" name=\"email\" placeholder=\"you@example.com\" type=\"email\"\/>\r\n<\/div>\r\n<\/div>\r\n<\/div>\r\n<div>\r\n<label class=\"block text-sm font-medium text-gray-700 dark:text-gray-300\" for=\"course\">Kh\u00f3a h\u1ecdc quan t\u00e2m<\/label>\r\n<div class=\"mt-1\">\r\n<select class=\"py-3 px-4 block w-full shadow-sm focus:ring-primary focus:border-primary border-gray-300 dark:border-gray-600 dark:bg-gray-700 dark:text-white rounded-md\" id=\"course\" name=\"course\">\r\n<option>Nh\u1eadp m\u00f4n Marketing B\u1ea5t \u0111\u1ed9ng s\u1ea3n<\/option>\r\n<option>Chi\u1ebfn l\u01b0\u1ee3c k\u1ef9 thu\u1eadt s\u1ed1 n\u00e2ng cao<\/option>\r\n<option>X\u00e2y d\u1ef1ng th\u01b0\u01a1ng hi\u1ec7u c\u00e1 nh\u00e2n cho m\u00f4i gi\u1edbi<\/option>\r\n<option>L\u00e0m ch\u1ee7 M\u1ea1ng x\u00e3 h\u1ed9i<\/option>\r\n<option>Kh\u00e1c \/ C\u00e2u h\u1ecfi chung<\/option>\r\n<\/select>\r\n<\/div>\r\n<\/div>\r\n<div>\r\n<label class=\"block text-sm font-medium text-gray-700 dark:text-gray-300\" for=\"message\">Tin nh\u1eafn<\/label>\r\n<div class=\"mt-1\">\r\n<textarea class=\"py-3 px-4 block w-full shadow-sm focus:ring-primary focus:border-primary border-gray-300 dark:border-gray-600 dark:bg-gray-700 dark:text-white rounded-md\" id=\"message\" name=\"message\" placeholder=\"Ch\u00fang t\u00f4i c\u00f3 th\u1ec3 gi\u00fap b\u1ea1n nh\u01b0 th\u1ebf n\u00e0o?\" rows=\"4\"><\/textarea>\r\n<\/div>\r\n<\/div>\r\n<div>\r\n<button class=\"w-full inline-flex justify-center py-3 px-6 border border-transparent shadow-sm text-base font-medium rounded-md text-white bg-primary hover:bg-blue-800 focus:outline-none focus:ring-2 focus:ring-offset-2 focus:ring-primary transition-colors\" type=\"submit\">\r\n                            G\u1eedi tin nh\u1eafn\r\n                        <\/button>\r\n<\/div>\r\n<\/form>\r\n<\/div>\r\n<\/div>\r\n<div class=\"mt-16 bg-surface-light dark:bg-surface-dark rounded-xl shadow-lg overflow-hidden border border-gray-200 dark:border-gray-800\">\r\n<div class=\"p-6 border-b border-gray-200 dark:border-gray-800\">\r\n<h3 class=\"text-xl font-bold text-gray-900 dark:text-white\">T\u00ecm ch\u00fang t\u00f4i tr\u00ean b\u1ea3n \u0111\u1ed3<\/h3>\r\n<\/div>\r\n<div class=\"h-96 w-full map-container bg-gray-200 dark:bg-gray-700 relative\">\r\n<iframe allowfullscreen=\"\" loading=\"lazy\" src=\"https:\/\/www.google.com\/maps\/embed?pb=!1m18!1m12!1m3!1d3919.954067902484!2d106.71966231533414!3d10.737997192347576!2m3!1f0!2f0!3f0!3m2!1i1024!2i768!4f13.1!3m3!1m2!1s0x31752f8a1104e7b7%3A0x6d05492323265a6f!2sNguyen%20Van%20Linh%2C%20District%207%2C%20Ho%20Chi%20Minh%20City%2C%20Vietnam!5e0!3m2!1sen!2sus!4v1625686000000!5m2!1sen!2sus\" style=\"border:0;\"><\/iframe>\r\n<\/div>\r\n<\/div>\r\n<div class=\"mt-16\">\r\n<h2 class=\"text-3xl font-bold text-center text-gray-900 dark:text-white mb-10\">C\u00e1c c\u00e2u h\u1ecfi th\u01b0\u1eddng g\u1eb7p<\/h2>\r\n<div class=\"space-y-4 max-w-3xl mx-auto\">\r\n<details class=\"group bg-white dark:bg-gray-800 rounded-lg shadow-sm border border-gray-200 dark:border-gray-700 open:ring-2 open:ring-primary\/20\">\r\n<summary class=\"flex justify-between items-center cursor-pointer p-6\">\r\n<h3 class=\"text-lg font-medium text-gray-900 dark:text-white\">T\u00f4i \u0111\u0103ng k\u00fd kh\u00f3a h\u1ecdc nh\u01b0 th\u1ebf n\u00e0o?<\/h3>\r\n<span class=\"ml-6 flex-shrink-0\">\r\n<svg class=\"h-6 w-6 text-gray-400 group-open:rotate-180 transition-transform duration-200\" fill=\"none\" stroke=\"currentColor\" viewBox=\"0 0 24 24\" xmlns=\"http:\/\/www.w3.org\/2000\/svg\">\r\n<path d=\"M19 9l-7 7-7-7\" stroke-linecap=\"round\" stroke-linejoin=\"round\" stroke-width=\"2\"><\/path>\r\n<\/svg>\r\n<\/span>\r\n<\/summary>\r\n<div class=\"px-6 pb-6 text-gray-600 dark:text-gray-300 border-t border-gray-100 dark:border-gray-700 pt-4\">\r\n<p>B\u1ea1n c\u00f3 th\u1ec3 \u0111\u0103ng k\u00fd tr\u1ef1c ti\u1ebfp tr\u00ean trang web c\u1ee7a ch\u00fang t\u00f4i trong m\u1ee5c \"Kh\u00f3a h\u1ecdc\", ho\u1eb7c \u0111i\u1ec1n \u0111\u01a1n li\u00ean h\u1ec7 \u1edf tr\u00ean, \u0111\u1ed9i tuy\u1ec3n sinh c\u1ee7a ch\u00fang t\u00f4i s\u1ebd h\u01b0\u1edbng d\u1eabn b\u1ea1n qua qu\u00e1 tr\u00ecnh n\u00e0y.<\/p>\r\n<\/div>\r\n<\/details>\r\n<details class=\"group bg-white dark:bg-gray-800 rounded-lg shadow-sm border border-gray-200 dark:border-gray-700 open:ring-2 open:ring-primary\/20\">\r\n<summary class=\"flex justify-between items-center cursor-pointer p-6\">\r\n<h3 class=\"text-lg font-medium text-gray-900 dark:text-white\">\u0110\u1ecba \u0111i\u1ec3m \u0111\u00e0o t\u1ea1o \u1edf \u0111\u00e2u?<\/h3>\r\n<span class=\"ml-6 flex-shrink-0\">\r\n<svg class=\"h-6 w-6 text-gray-400 group-open:rotate-180 transition-transform duration-200\" fill=\"none\" stroke=\"currentColor\" viewBox=\"0 0 24 24\" xmlns=\"http:\/\/www.w3.org\/2000\/svg\">\r\n<path d=\"M19 9l-7 7-7-7\" stroke-linecap=\"round\" stroke-linejoin=\"round\" stroke-width=\"2\"><\/path>\r\n<\/svg>\r\n<\/span>\r\n<\/summary>\r\n<div class=\"px-6 pb-6 text-gray-600 dark:text-gray-300 border-t border-gray-100 dark:border-gray-700 pt-4\">\r\n<p>Trung t\u00e2m \u0111\u00e0o t\u1ea1o ch\u00ednh c\u1ee7a ch\u00fang t\u00f4i n\u1eb1m t\u1ea1i tr\u1ee5 s\u1edf ch\u00ednh \u1edf Qu\u1eadn 7, Th\u00e0nh ph\u1ed1 H\u1ed3 Ch\u00ed Minh. Ch\u00fang t\u00f4i c\u0169ng cung c\u1ea5p c\u00e1c kh\u00f3a h\u1ecdc tr\u1ef1c tuy\u1ebfn v\u00e0 h\u1ed9i th\u1ea3o \u0111\u1ecbnh k\u1ef3 t\u1ea1i Qu\u1eadn 1 v\u00e0 H\u00e0 N\u1ed9i.<\/p>\r\n<\/div>\r\n<\/details>\r\n<details class=\"group bg-white dark:bg-gray-800 rounded-lg shadow-sm border border-gray-200 dark:border-gray-700 open:ring-2 open:ring-primary\/20\">\r\n<summary class=\"flex justify-between items-center cursor-pointer p-6\">\r\n<h3 class=\"text-lg font-medium text-gray-900 dark:text-white\">B\u1ea1n c\u00f3 cung c\u1ea5p \u0111\u00e0o t\u1ea1o c\u00f4ng ty cho c\u00e1c c\u00f4ng ty b\u1ea5t \u0111\u1ed9ng s\u1ea3n kh\u00f4ng?<\/h3>\r\n<span class=\"ml-6 flex-shrink-0\">\r\n<svg class=\"h-6 w-6 text-gray-400 group-open:rotate-180 transition-transform duration-200\" fill=\"none\" stroke=\"currentColor\" viewBox=\"0 0 24 24\" xmlns=\"http:\/\/www.w3.org\/2000\/svg\">\r\n<path d=\"M19 9l-7 7-7-7\" stroke-linecap=\"round\" stroke-linejoin=\"round\" stroke-width=\"2\"><\/path>\r\n<\/svg>\r\n<\/span>\r\n<\/summary>\r\n<div class=\"px-6 pb-6 text-gray-600 dark:text-gray-300 border-t border-gray-100 dark:border-gray-700 pt-4\">\r\n<p>C\u00f3! Ch\u00fang t\u00f4i chuy\u00ean v\u1ec1 c\u00e1c g\u00f3i \u0111\u00e0o t\u1ea1o t\u00f9y ch\u1ec9nh cho c\u00e1c c\u00f4ng ty. Vui l\u00f2ng ch\u1ecdn \"Kh\u00e1c \/ C\u00e2u h\u1ecfi chung\" trong m\u1eabu \u1edf tr\u00ean v\u00e0 \u0111\u1ec1 c\u1eadp chi ti\u1ebft c\u00f4ng ty c\u1ee7a b\u1ea1n trong tin nh\u1eafn.<\/p>\r\n<\/div>\r\n<\/details>\r\n<\/div>\r\n<\/div>\r\n<\/main>\r\n<script>\r\n        \/\/ Simple script to toggle dark mode for demonstration if needed, usually handled by system pref or a button\r\n        if (window.matchMedia && window.matchMedia('(prefers-color-scheme: dark)').matches) {\r\n            document.documentElement.classList.add('dark');\r\n        }\r\n    <\/script>\r\n\r\n<\/body><\/html>\t\t\t\t<\/div>\n\t\t\t\t<\/div>\n\t\t\t\t<\/div>\n\t\t","protected":false},"excerpt":{"rendered":"<p>Li\u00ean h\u1ec7 &#8211; Heart Academy Li\u00ean h\u1ec7 v\u1edbi ch\u00fang t\u00f4i S\u1eb5n s\u00e0ng n\u00e2ng cao s\u1ef1 nghi\u1ec7p marketing b\u1ea5t \u0111\u1ed9ng s\u1ea3n c\u1ee7a b\u1ea1n? Ch\u00fang t\u00f4i lu\u00f4n s\u1eb5n l\u00f2ng tr\u1ea3 l\u1eddi m\u1ecdi c\u00e2u h\u1ecfi v\u1ec1 c\u00e1c kh\u00f3a h\u1ecdc v\u00e0 ch\u01b0\u01a1ng tr\u00ecnh \u0111\u00e0o t\u1ea1o c\u1ee7a ch\u00fang t\u00f4i. Th\u00f4ng tin li\u00ean h\u1ec7 location_on Tr\u1ee5 s\u1edf ch\u00ednh 123 \u0110\u01b0\u1eddng Nguy\u1ec5n [&hellip;]<\/p>\n","protected":false},"author":1,"featured_media":44,"parent":0,"menu_order":0,"comment_status":"closed","ping_status":"closed","template":"elementor_header_footer","meta":{"_acf_changed":false,"footnotes":""},"class_list":["post-37","page","type-page","status-publish","has-post-thumbnail","hentry"],"acf":[],"_links":{"self":[{"href":"https:\/\/heartacademy.edu.vn\/index.php\/wp-json\/wp\/v2\/pages\/37","targetHints":{"allow":["GET"]}}],"collection":[{"href":"https:\/\/heartacademy.edu.vn\/index.php\/wp-json\/wp\/v2\/pages"}],"about":[{"href":"https:\/\/heartacademy.edu.vn\/index.php\/wp-json\/wp\/v2\/types\/page"}],"author":[{"embeddable":true,"href":"https:\/\/heartacademy.edu.vn\/index.php\/wp-json\/wp\/v2\/users\/1"}],"replies":[{"embeddable":true,"href":"https:\/\/heartacademy.edu.vn\/index.php\/wp-json\/wp\/v2\/comments?post=37"}],"version-history":[{"count":56,"href":"https:\/\/heartacademy.edu.vn\/index.php\/wp-json\/wp\/v2\/pages\/37\/revisions"}],"predecessor-version":[{"id":850,"href":"https:\/\/heartacademy.edu.vn\/index.php\/wp-json\/wp\/v2\/pages\/37\/revisions\/850"}],"wp:featuredmedia":[{"embeddable":true,"href":"https:\/\/heartacademy.edu.vn\/index.php\/wp-json\/wp\/v2\/media\/44"}],"wp:attachment":[{"href":"https:\/\/heartacademy.edu.vn\/index.php\/wp-json\/wp\/v2\/media?parent=37"}],"curies":[{"name":"wp","href":"https:\/\/api.w.org\/{rel}","templated":true}]}}