{"id":45,"date":"2026-01-25T08:39:08","date_gmt":"2026-01-25T08:39:08","guid":{"rendered":"https:\/\/heartacademy.edu.vn\/index.php\/about\/"},"modified":"2026-02-05T13:14:51","modified_gmt":"2026-02-05T13:14:51","slug":"about","status":"publish","type":"page","link":"https:\/\/heartacademy.edu.vn\/index.php\/about\/","title":{"rendered":"About"},"content":{"rendered":"\t\t<div data-elementor-type=\"wp-page\" data-elementor-id=\"45\" class=\"elementor elementor-45\" data-elementor-post-type=\"page\">\n\t\t\t\t<div class=\"elementor-element elementor-element-7f68e0e e-con-full e-flex e-con e-parent\" data-id=\"7f68e0e\" data-element_type=\"container\">\n\t\t\t\t<div class=\"elementor-element elementor-element-76a04c3 elementor-widget elementor-widget-html\" data-id=\"76a04c3\" data-element_type=\"widget\" data-widget_type=\"html.default\">\n\t\t\t\t\t<!DOCTYPE html>\r\n<html lang=\"vi\"><head>\r\n<meta charset=\"utf-8\"\/>\r\n<meta content=\"width=device-width, initial-scale=1.0\" name=\"viewport\"\/>\r\n<title>Gi\u1edbi thi\u1ec7u Heart Academy<\/title>\r\n<link href=\"https:\/\/fonts.googleapis.com\" rel=\"preconnect\"\/>\r\n<link crossorigin=\"\" href=\"https:\/\/fonts.gstatic.com\" rel=\"preconnect\"\/>\r\n<link href=\"https:\/\/fonts.googleapis.com\/css2?family=Montserrat:wght@400;500;600;700;800&amp;display=swap\" rel=\"stylesheet\"\/>\r\n<link href=\"https:\/\/fonts.googleapis.com\/icon?family=Material+Icons\" rel=\"stylesheet\"\/>\r\n<script src=\"https:\/\/cdn.tailwindcss.com?plugins=forms,typography\"><\/script>\r\n<script>\r\n        tailwind.config = {\r\n            darkMode: \"class\",\r\n            theme: {\r\n                extend: {\r\n                    colors: {\r\n                        primary: \"#3B4DA8\", \/\/ Royal Blue\r\n                        secondary: \"#E94B68\", \/\/ Pink\/Red\r\n                        \"background-light\": \"#F3F4F6\",\r\n                        \"background-dark\": \"#111827\",\r\n                        \"surface-light\": \"#FFFFFF\",\r\n                        \"surface-dark\": \"#1F2937\",\r\n                        \"text-light\": \"#1F2937\",\r\n                        \"text-dark\": \"#F9FAFB\",\r\n                    },\r\n                    fontFamily: {\r\n                        display: [\"Montserrat\", \"sans-serif\"],\r\n                        body: [\"Montserrat\", \"sans-serif\"],\r\n                    },\r\n                    borderRadius: {\r\n                        DEFAULT: \"0.5rem\",\r\n                    },\r\n                },\r\n            },\r\n        };\r\n    <\/script>\r\n    <style>\r\n        \/* Critical: Elementor-specific overrides *\/\r\n        #ha-heart-values {\r\n            background-color: #ffffff !important;\r\n            background: #ffffff !important;\r\n        }\r\n        \r\n        #ha-heart-values * {\r\n            box-sizing: border-box;\r\n        }\r\n    <\/style>\r\n<\/head>\r\n<body class=\"font-body bg-background-light dark:bg-background-dark text-text-light dark:text-text-dark transition-colors duration-300\">\r\n<div id=\"ha-wrapper\">\r\n<header class=\"relative bg-primary h-[400px] flex items-center justify-center overflow-hidden\">\r\n<div class=\"absolute inset-0 z-0\">\r\n<img decoding=\"async\" alt=\"Modern corporate architecture\" class=\"w-full h-full object-cover opacity-30 mix-blend-overlay\" src=\"https:\/\/lh3.googleusercontent.com\/aida-public\/AB6AXuCbZ4pM1tU034uGdl8VFtnfkUyQilmgKFitJ-WI4Kd4Vey1rScn5iVBcsDU8yxU_m8TqvXZtOBXhYn0_DjlU-kf6trB6SXboKHW-tUKalezmGHf2UTd3Utuuh7OQ56jsrP_CD_UmmYaHT-dT4Cx3pzCO5vqdWmSThyIhrtNx4SVezaw4_IV76o1XtrDTxrDd4Jzt1mO9IN3aK6mhCol4_Wp1C7ufZtn6qKL8SKXzxYCkv6aHkY5d8rS9kgD6INNaan3GrDOhEuVn2s\"\/>\r\n<div class=\"absolute inset-0 bg-gradient-to-r from-primary\/90 to-blue-900\/80 dark:from-blue-900\/90 dark:to-black\/80\"><\/div>\r\n<\/div>\r\n<div class=\"relative z-10 text-center px-4 max-w-4xl mx-auto\">\r\n<h1 class=\"text-4xl md:text-6xl font-extrabold text-white tracking-tight mb-4 drop-shadow-lg\">\r\n                V\u1ec0 HEART ACADEMY\r\n            <\/h1>\r\n<p class=\"text-lg md:text-xl text-blue-100 font-medium max-w-2xl mx-auto\">\r\n                H\u1ecdc vi\u1ec7n B\u1ea5t \u0111\u1ed9ng s\u1ea3n Th\u1ef1c chi\u1ebfn h\u00e0ng \u0111\u1ea7u Vi\u1ec7t Nam\r\n            <\/p>\r\n<div class=\"mt-8 w-24 h-1 bg-secondary mx-auto rounded-full\"><\/div>\r\n<\/div>\r\n<\/header>\r\n<section class=\"py-16 md:py-24 bg-surface-light dark:bg-surface-dark\">\r\n<div class=\"max-w-7xl mx-auto px-4 sm:px-6 lg:px-8\">\r\n<div class=\"grid md:grid-cols-2 gap-12 items-center\">\r\n<div class=\"space-y-6\">\r\n<div class=\"inline-block px-4 py-1.5 rounded-full bg-blue-100 dark:bg-blue-900\/30 text-primary dark:text-blue-300 font-semibold text-sm mb-2\">Tri\u1ebft l\u00fd gi\u00e1o d\u1ee5c<\/div>\r\n<h2 class=\"text-3xl md:text-4xl font-bold text-gray-900 dark:text-white leading-tight\">\r\n                        H\u1ecdc b\u1eb1ng <span class=\"text-secondary\">Tr\u00e1i tim<\/span> <br\/>\r\n                        D\u1eabn \u0111\u1ea7u b\u1eb1ng <span class=\"text-primary dark:text-blue-400\">Tri th\u1ee9c<\/span>\r\n<\/h2>\r\n<p class=\"text-gray-600 dark:text-gray-300 leading-relaxed text-justify\">\r\n                        T\u1ea1i Heart Academy, ch\u00fang t\u00f4i tin r\u1eb1ng n\u1ec1n t\u1ea3ng c\u1ee7a m\u1ecdi th\u00e0nh c\u00f4ng b\u1ec1n v\u1eefng trong l\u0129nh v\u1ef1c b\u1ea5t \u0111\u1ed9ng s\u1ea3n kh\u00f4ng ch\u1ec9 \u0111\u1ebfn t\u1eeb k\u1ef9 n\u0103ng s\u1eafc b\u00e9n m\u00e0 c\u00f2n xu\u1ea5t ph\u00e1t t\u1eeb c\u00e1i t\u00e2m v\u1edbi ngh\u1ec1. Ch\u00fang t\u00f4i kh\u00f4ng ch\u1ec9 \u0111\u00e0o t\u1ea1o nh\u1eefng nh\u00e0 m\u00f4i gi\u1edbi t\u00e0i ba, m\u00e0 c\u00f2n ki\u1ebfn t\u1ea1o nh\u1eefng \u0111\u1ea1i s\u1ee9 chuy\u00ean nghi\u1ec7p, mang gi\u00e1 tr\u1ecb th\u1ef1c \u0111\u1ebfn cho kh\u00e1ch h\u00e0ng.\r\n                    <\/p>\r\n<p class=\"text-gray-600 dark:text-gray-300 leading-relaxed text-justify\">\r\n                        V\u1edbi t\u1ea7m nh\u00ecn c\u1ee7a nh\u1eefng ng\u01b0\u1eddi s\u00e1ng l\u1eadp \u0111\u1ea7y t\u00e2m huy\u1ebft, Heart Academy cam k\u1ebft mang \u0111\u1ebfn m\u1ed9t m\u00f4i tr\u01b0\u1eddng h\u1ecdc t\u1eadp th\u1ef1c chi\u1ebfn, hi\u1ec7n \u0111\u1ea1i v\u00e0 nh\u00e2n v\u0103n. M\u1ed7i kh\u00f3a h\u1ecdc l\u00e0 m\u1ed9t h\u00e0nh tr\u00ecnh chuy\u1ec3n h\u00f3a, n\u01a1i ki\u1ebfn th\u1ee9c g\u1eb7p g\u1ee1 \u0111am m\u00ea \u0111\u1ec3 t\u1ea1o n\u00ean nh\u1eefng b\u01b0\u1edbc \u0111\u1ed9t ph\u00e1 trong s\u1ef1 nghi\u1ec7p.\r\n                    <\/p>\r\n<\/div>\r\n<div class=\"relative\">\r\n<div class=\"aspect-w-4 aspect-h-3 rounded-2xl overflow-hidden shadow-2xl transform md:rotate-2 hover:rotate-0 transition-transform duration-500\">\r\n<img decoding=\"async\" alt=\"Team collaborating in modern office\" class=\"object-cover w-full h-full\" src=\"https:\/\/lh3.googleusercontent.com\/aida-public\/AB6AXuAllFRrIPytJ8Sa0pQTaCRjLNQhoxcSxfHClhnIF17kbybCew7hmhduQhXSIGCtiXFmqM7Nenv3g9fHM2emsTk2DJ8U9tbr-4RU_UbqMAjo8IhRSHAnf1k-cUUqYIjwYPHv50Hd91-lbzZ9ozfLvCrEkltUYzs3BqRBqqD_yYgxCgb7BW1GT86QG4_IZ4V9tTBRKLID5nxzpFyiGbDx5RhupLKS6TnQR8fVNSxMAD6lppgPCh6ZG6yv8_MoPQ8g9IYdQaHn3KrZJeI\"\/>\r\n<\/div>\r\n<div class=\"absolute -bottom-6 -left-6 bg-white dark:bg-gray-800 p-6 rounded-xl shadow-xl border-l-4 border-secondary max-w-xs hidden md:block\">\r\n<p class=\"italic text-gray-600 dark:text-gray-400 text-sm\">\"S\u1ef1 t\u1eed t\u1ebf l\u00e0 ng\u00f4n ng\u1eef m\u00e0 ng\u01b0\u1eddi \u0111i\u1ebfc c\u00f3 th\u1ec3 nghe v\u00e0 ng\u01b0\u1eddi m\u00f9 c\u00f3 th\u1ec3 th\u1ea5y.\"<\/p>\r\n<p class=\"text-right mt-2 font-bold text-primary dark:text-blue-400 text-xs\">- Mark Twain<\/p>\r\n<\/div>\r\n<\/div>\r\n<\/div>\r\n<\/div>\r\n<\/section>\r\n<section id=\"ha-heart-values\" style=\"padding: 5rem 0; background-color: #ffffff !important; background: #ffffff !important; position: relative; overflow: hidden;\">\r\n<div style=\"position: absolute; top: 0; right: 0; width: 16rem; height: 16rem; border-radius: 50%; filter: blur(3rem); opacity: 0.5; transform: translate(50%, -50%); background-color: rgba(147, 197, 253, 0.2) !important;\"><\/div>\r\n<div style=\"position: absolute; bottom: 0; left: 0; width: 16rem; height: 16rem; border-radius: 50%; filter: blur(3rem); opacity: 0.5; transform: translate(-50%, 50%); background-color: rgba(252, 165, 165, 0.2) !important;\"><\/div>\r\n<div style=\"max-width: 80rem; margin: 0 auto; padding: 0 1rem; position: relative; z-index: 10;\">\r\n<div style=\"text-align: center; margin-bottom: 4rem;\">\r\n<h2 style=\"font-size: 1.875rem; line-height: 2.25rem; font-weight: 700; color: #1f2937 !important; margin-bottom: 1rem; font-family: Montserrat, sans-serif !important;\">Gi\u00e1 tr\u1ecb c\u1ed1t l\u00f5i <span style=\"color: #6B8CFF !important; font-family: Montserrat, sans-serif !important;\">H<\/span><span style=\"color: #E94B68 !important; font-family: Montserrat, sans-serif !important;\">E<\/span><span style=\"color: #6B8CFF !important; font-family: Montserrat, sans-serif !important;\">A<\/span><span style=\"color: #E94B68 !important; font-family: Montserrat, sans-serif !important;\">R<\/span><span style=\"color: #6B8CFF !important; font-family: Montserrat, sans-serif !important;\">T<\/span><\/h2>\r\n<p style=\"margin-top: 1rem; max-width: 42rem; margin-left: auto; margin-right: auto; color: #6b7280 !important; font-family: Montserrat, sans-serif !important;\">N\u0103m tr\u1ee5 c\u1ed9t t\u1ea1o n\u00ean v\u0103n h\u00f3a v\u00e0 s\u1ee9c m\u1ea1nh c\u1ee7a ch\u00fang t\u00f4i<\/p>\r\n<\/div>\r\n<div style=\"display: grid; grid-template-columns: repeat(auto-fit, minmax(200px, 1fr)); gap: 1.5rem;\">\r\n<div style=\"background-color: #f9fafb !important; background: #f9fafb !important; border-radius: 0.75rem; padding: 1.5rem; box-shadow: 0 10px 15px -3px rgba(0, 0, 0, 0.1); border-top: 4px solid #6B8CFF !important;\">\r\n<div style=\"font-size: 3rem; font-weight: 800; color: rgba(59, 77, 168, 0.1) !important; margin-bottom: 0.5rem; font-family: Montserrat, sans-serif !important;\">01<\/div>\r\n<h3 style=\"color: #1f2937 !important; font-size: 1.5rem; font-weight: 700; margin-bottom: 0.5rem; font-family: Montserrat, sans-serif !important;\">H<span style=\"color: #6b7280 !important; font-size: 1.125rem;\">uman<\/span><\/h3>\r\n<p style=\"color: #6b7280 !important; font-size: 0.875rem; font-family: Montserrat, sans-serif !important; line-height: 1.5; margin: 0;\">Con ng\u01b0\u1eddi l\u00e0 trung t\u00e2m c\u1ee7a m\u1ecdi s\u1ef1 ph\u00e1t tri\u1ec3n. Ch\u00fang t\u00f4i tr\u00e2n tr\u1ecdng v\u00e0 ph\u00e1t huy ti\u1ec1m n\u0103ng c\u1ee7a m\u1ed7i c\u00e1 nh\u00e2n.<\/p>\r\n<\/div>\r\n<div style=\"background-color: #f9fafb !important; background: #f9fafb !important; border-radius: 0.75rem; padding: 1.5rem; box-shadow: 0 10px 15px -3px rgba(0, 0, 0, 0.1); border-top: 4px solid #E94B68 !important;\">\r\n<div style=\"font-size: 3rem; font-weight: 800; color: rgba(233, 75, 104, 0.1) !important; margin-bottom: 0.5rem; font-family: Montserrat, sans-serif !important;\">02<\/div>\r\n<h3 style=\"color: #1f2937 !important; font-size: 1.5rem; font-weight: 700; margin-bottom: 0.5rem; font-family: Montserrat, sans-serif !important;\">E<span style=\"color: #6b7280 !important; font-size: 1.125rem;\">mpower<\/span><\/h3>\r\n<p style=\"color: #6b7280 !important; font-size: 0.875rem; font-family: Montserrat, sans-serif !important; line-height: 1.5; margin: 0;\">Trao quy\u1ec1n \u0111\u1ec3 b\u1ee9t ph\u00e1. Trang b\u1ecb ki\u1ebfn th\u1ee9c v\u00e0 c\u00f4ng c\u1ee5 \u0111\u1ec3 m\u1ed7i h\u1ecdc vi\u00ean t\u1ef1 ch\u1ee7 tr\u00ean con \u0111\u01b0\u1eddng s\u1ef1 nghi\u1ec7p.<\/p>\r\n<\/div>\r\n<div style=\"background-color: #f9fafb !important; background: #f9fafb !important; border-radius: 0.75rem; padding: 1.5rem; box-shadow: 0 10px 15px -3px rgba(0, 0, 0, 0.1); border-top: 4px solid #6B8CFF !important;\">\r\n<div style=\"font-size: 3rem; font-weight: 800; color: rgba(59, 77, 168, 0.1) !important; margin-bottom: 0.5rem; font-family: Montserrat, sans-serif !important;\">03<\/div>\r\n<h3 style=\"color: #1f2937 !important; font-size: 1.5rem; font-weight: 700; margin-bottom: 0.5rem; font-family: Montserrat, sans-serif !important;\">A<span style=\"color: #6b7280 !important; font-size: 1.125rem;\">spire<\/span><\/h3>\r\n<p style=\"color: #6b7280 !important; font-size: 0.875rem; font-family: Montserrat, sans-serif !important; line-height: 1.5; margin: 0;\">Kh\u00e1t v\u1ecdng v\u01b0\u01a1n l\u00ean. Lu\u00f4n \u0111\u1eb7t m\u1ee5c ti\u00eau cao h\u01a1n v\u00e0 kh\u00f4ng ng\u1eebng n\u1ed7 l\u1ef1c \u0111\u1ec3 chinh ph\u1ee5c nh\u1eefng \u0111\u1ec9nh cao m\u1edbi.<\/p>\r\n<\/div>\r\n<div style=\"background-color: #f9fafb !important; background: #f9fafb !important; border-radius: 0.75rem; padding: 1.5rem; box-shadow: 0 10px 15px -3px rgba(0, 0, 0, 0.1); border-top: 4px solid #E94B68 !important;\">\r\n<div style=\"font-size: 3rem; font-weight: 800; color: rgba(233, 75, 104, 0.1) !important; margin-bottom: 0.5rem; font-family: Montserrat, sans-serif !important;\">04<\/div>\r\n<h3 style=\"color: #1f2937 !important; font-size: 1.5rem; font-weight: 700; margin-bottom: 0.5rem; font-family: Montserrat, sans-serif !important;\">R<span style=\"color: #6b7280 !important; font-size: 1.125rem;\">espect<\/span><\/h3>\r\n<p style=\"color: #6b7280 !important; font-size: 0.875rem; font-family: Montserrat, sans-serif !important; line-height: 1.5; margin: 0;\">T\u00f4n tr\u1ecdng s\u1ef1 th\u1eadt, t\u00f4n tr\u1ecdng kh\u00e1ch h\u00e0ng v\u00e0 t\u00f4n tr\u1ecdng \u0111\u1ea1o \u0111\u1ee9c ngh\u1ec1 nghi\u1ec7p l\u00e0 kim ch\u1ec9 nam h\u00e0nh \u0111\u1ed9ng.<\/p>\r\n<\/div>\r\n<div style=\"background-color: #f9fafb !important; background: #f9fafb !important; border-radius: 0.75rem; padding: 1.5rem; box-shadow: 0 10px 15px -3px rgba(0, 0, 0, 0.1); border-top: 4px solid #6B8CFF !important;\">\r\n<div style=\"font-size: 3rem; font-weight: 800; color: rgba(59, 77, 168, 0.1) !important; margin-bottom: 0.5rem; font-family: Montserrat, sans-serif !important;\">05<\/div>\r\n<h3 style=\"color: #1f2937 !important; font-size: 1.5rem; font-weight: 700; margin-bottom: 0.5rem; font-family: Montserrat, sans-serif !important;\">T<span style=\"color: #6b7280 !important; font-size: 1.125rem;\">ransform<\/span><\/h3>\r\n<p style=\"color: #6b7280 !important; font-size: 0.875rem; font-family: Montserrat, sans-serif !important; line-height: 1.5; margin: 0;\">Chuy\u1ec3n h\u00f3a t\u01b0 duy, thay \u0111\u1ed5i cu\u1ed9c \u0111\u1eddi. T\u1ea1o ra t\u00e1c \u0111\u1ed9ng t\u00edch c\u1ef1c v\u00e0 l\u00e2u d\u00e0i cho c\u1ed9ng \u0111\u1ed3ng m\u00f4i gi\u1edbi.<\/p>\r\n<\/div>\r\n<\/div>\r\n<\/div>\r\n<\/section>\r\n<section class=\"py-20 bg-surface-light dark:bg-surface-dark\">\r\n<div class=\"max-w-7xl mx-auto px-4 sm:px-6 lg:px-8\">\r\n<div class=\"grid md:grid-cols-2 gap-16\">\r\n<div class=\"relative group\">\r\n<div class=\"absolute -inset-1 bg-gradient-to-r from-primary to-blue-600 rounded-2xl blur opacity-25 group-hover:opacity-50 transition duration-1000 group-hover:duration-200\"><\/div>\r\n<div class=\"relative bg-white dark:bg-gray-800 p-8 rounded-2xl border border-gray-100 dark:border-gray-700 shadow-sm h-full\">\r\n<div class=\"w-14 h-14 bg-blue-100 dark:bg-blue-900\/50 rounded-lg flex items-center justify-center mb-6 text-primary dark:text-blue-400\">\r\n<span class=\"material-icons text-3xl\">flag<\/span>\r\n<\/div>\r\n<h3 class=\"text-2xl font-bold text-gray-900 dark:text-white mb-4\">S\u1ee9 M\u1ec7nh<\/h3>\r\n<p class=\"text-gray-600 dark:text-gray-300 leading-relaxed mb-4\">\r\n                            Ki\u1ebfn t\u1ea1o c\u1ed9ng \u0111\u1ed3ng m\u00f4i gi\u1edbi b\u1ea5t \u0111\u1ed9ng s\u1ea3n chuy\u00ean nghi\u1ec7p, c\u00f3 t\u00e2m v\u00e0 c\u00f3 t\u1ea7m. Chu\u1ea9n h\u00f3a ngh\u1ec1 m\u00f4i gi\u1edbi t\u1ea1i Vi\u1ec7t Nam th\u00f4ng qua \u0111\u00e0o t\u1ea1o b\u00e0i b\u1ea3n, th\u1ef1c chi\u1ebfn v\u00e0 \u0111\u1ea1o \u0111\u1ee9c.\r\n                        <\/p>\r\n<ul class=\"space-y-3\">\r\n<li class=\"flex items-start\">\r\n<span class=\"material-icons text-green-500 mr-2 text-sm mt-1\">check_circle<\/span>\r\n<span class=\"text-gray-600 dark:text-gray-400 text-sm\">N\u00e2ng t\u1ea7m gi\u00e1 tr\u1ecb ngh\u1ec1 m\u00f4i gi\u1edbi<\/span>\r\n<\/li>\r\n<li class=\"flex items-start\">\r\n<span class=\"material-icons text-green-500 mr-2 text-sm mt-1\">check_circle<\/span>\r\n<span class=\"text-gray-600 dark:text-gray-400 text-sm\">Cung c\u1ea5p gi\u1ea3i ph\u00e1p \u0111\u00e0o t\u1ea1o to\u00e0n di\u1ec7n<\/span>\r\n<\/li>\r\n<li class=\"flex items-start\">\r\n<span class=\"material-icons text-green-500 mr-2 text-sm mt-1\">check_circle<\/span>\r\n<span class=\"text-gray-600 dark:text-gray-400 text-sm\">K\u1ebft n\u1ed1i c\u01a1 h\u1ed9i \u0111\u1ea7u t\u01b0 b\u1ec1n v\u1eefng<\/span>\r\n<\/li>\r\n<\/ul>\r\n<\/div>\r\n<\/div>\r\n<div class=\"relative group\">\r\n<div class=\"absolute -inset-1 bg-gradient-to-r from-secondary to-red-600 rounded-2xl blur opacity-25 group-hover:opacity-50 transition duration-1000 group-hover:duration-200\"><\/div>\r\n<div class=\"relative bg-white dark:bg-gray-800 p-8 rounded-2xl border border-gray-100 dark:border-gray-700 shadow-sm h-full\">\r\n<div class=\"w-14 h-14 bg-red-100 dark:bg-red-900\/50 rounded-lg flex items-center justify-center mb-6 text-secondary\">\r\n<span class=\"material-icons text-3xl\">visibility<\/span>\r\n<\/div>\r\n<h3 class=\"text-2xl font-bold text-gray-900 dark:text-white mb-4\">T\u1ea7m Nh\u00ecn 2030<\/h3>\r\n<p class=\"text-gray-600 dark:text-gray-300 leading-relaxed mb-4\">\r\n                            Tr\u1edf th\u00e0nh H\u1ecdc vi\u1ec7n \u0111\u00e0o t\u1ea1o B\u1ea5t \u0111\u1ed9ng s\u1ea3n s\u1ed1 1 Vi\u1ec7t Nam v\u1ec1 ch\u1ea5t l\u01b0\u1ee3ng v\u00e0 uy t\u00edn. L\u00e0 n\u01a1i \u01b0\u01a1m m\u1ea7m cho nh\u1eefng nh\u00e0 l\u00e3nh \u0111\u1ea1o, CEO s\u00e0n giao d\u1ecbch v\u00e0 chuy\u00ean gia b\u1ea5t \u0111\u1ed9ng s\u1ea3n h\u00e0ng \u0111\u1ea7u.\r\n                        <\/p>\r\n<ul class=\"space-y-3\">\r\n<li class=\"flex items-start\">\r\n<span class=\"material-icons text-red-500 mr-2 text-sm mt-1\">star<\/span>\r\n<span class=\"text-gray-600 dark:text-gray-400 text-sm\">H\u1ec7 sinh th\u00e1i \u0111\u00e0o t\u1ea1o \u0111a d\u1ea1ng<\/span>\r\n<\/li>\r\n<li class=\"flex items-start\">\r\n<span class=\"material-icons text-red-500 mr-2 text-sm mt-1\">star<\/span>\r\n<span class=\"text-gray-600 dark:text-gray-400 text-sm\">\u00c1p d\u1ee5ng c\u00f4ng ngh\u1ec7 v\u00e0o gi\u1ea3ng d\u1ea1y<\/span>\r\n<\/li>\r\n<li class=\"flex items-start\">\r\n<span class=\"material-icons text-red-500 mr-2 text-sm mt-1\">star<\/span>\r\n<span class=\"text-gray-600 dark:text-gray-400 text-sm\">M\u1ea1ng l\u01b0\u1edbi \u0111\u1ed1i t\u00e1c qu\u1ed1c t\u1ebf<\/span>\r\n<\/li>\r\n<\/ul>\r\n<\/div>\r\n<\/div>\r\n<\/div>\r\n<\/div>\r\n<\/section>\r\n<section class=\"py-24 bg-gray-50 dark:bg-gray-900\">\r\n<div class=\"max-w-7xl mx-auto px-4 sm:px-6 lg:px-8\">\r\n<div class=\"flex flex-col lg:flex-row items-center gap-16\">\r\n<div class=\"lg:w-1\/2 relative\">\r\n<div class=\"absolute inset-0 bg-blue-200 dark:bg-blue-900\/20 rounded-full blur-3xl opacity-30\"><\/div>\r\n<img decoding=\"async\" alt=\"Professional instructor smiling\" class=\"relative rounded-full w-[400px] h-[400px] object-cover mx-auto shadow-2xl border-8 border-white dark:border-gray-800\" src=\"https:\/\/lh3.googleusercontent.com\/aida-public\/AB6AXuAKUZvQ4gOitJ2O4peMr3EmOlhfrpLaxh85T2_EAF3V4vSp3y4UD26kiOkUSczW3cHeuln0GG2vgcKJSUhCyUxn4PnBGyQSOlqNoqZ1KmMtUmcc0TgSh6jnjDuGw1C_eco_TaDEnPfEI6lTmAqE_JbS86f8rjKx0qepOq2O97UzLiCSDi--2Zc8yHmNEyXmGIkhR3er1uf8CKeu9pOvVzHHWEAm-Newynn6Va7n1GueszvsjICV8GYOVsilnzJyKN561Kmis2KhgxE\"\/>\r\n<div class=\"absolute top-10 right-10 md:right-20 bg-white dark:bg-gray-800 p-4 rounded-xl shadow-lg animate-bounce\">\r\n<span class=\"flex items-center gap-2 text-primary dark:text-blue-400 font-bold\">\r\n<span class=\"material-icons\">verified<\/span>\r\n                            Uy t\u00edn\r\n                        <\/span>\r\n<\/div>\r\n<div class=\"absolute bottom-10 left-10 md:left-20 bg-white dark:bg-gray-800 p-4 rounded-xl shadow-lg\">\r\n<span class=\"flex items-center gap-2 text-secondary font-bold\">\r\n<span class=\"material-icons\">trending_up<\/span>\r\n                            Hi\u1ec7u qu\u1ea3\r\n                        <\/span>\r\n<\/div>\r\n<\/div>\r\n<div class=\"lg:w-1\/2\">\r\n<h2 class=\"text-3xl md:text-4xl font-bold text-gray-900 dark:text-white mb-8\">\r\n                        S\u1ef0 KH\u00c1C BI\u1ec6T C\u1ee6A <br\/>\r\n<span class=\"text-primary dark:text-blue-400\">HEART ACADEMY<\/span>\r\n<\/h2>\r\n<div class=\"space-y-6\">\r\n<div class=\"flex gap-4\">\r\n<div class=\"flex-shrink-0 w-12 h-12 rounded-full bg-blue-100 dark:bg-blue-900\/30 flex items-center justify-center text-primary dark:text-blue-400 font-bold text-xl\">1<\/div>\r\n<div>\r\n<h4 class=\"text-xl font-bold text-gray-900 dark:text-white mb-2\">\u0110\u00e0o t\u1ea1o th\u1ef1c chi\u1ebfn<\/h4>\r\n<p class=\"text-gray-600 dark:text-gray-400\">Kh\u00f4ng l\u00fd thuy\u1ebft su\u00f4ng. Gi\u00e1o tr\u00ecnh \u0111\u01b0\u1ee3c \u0111\u00fac k\u1ebft t\u1eeb h\u00e0ng ng\u00e0n giao d\u1ecbch th\u1ef1c t\u1ebf v\u00e0 nh\u1eefng case study \"x\u01b0\u01a1ng m\u00e1u\".<\/p>\r\n<\/div>\r\n<\/div>\r\n<div class=\"flex gap-4\">\r\n<div class=\"flex-shrink-0 w-12 h-12 rounded-full bg-red-100 dark:bg-red-900\/30 flex items-center justify-center text-secondary font-bold text-xl\">2<\/div>\r\n<div>\r\n<h4 class=\"text-xl font-bold text-gray-900 dark:text-white mb-2\">Gi\u1ea3ng vi\u00ean chuy\u00ean gia<\/h4>\r\n<p class=\"text-gray-600 dark:text-gray-400\">\u0110\u1ed9i ng\u0169 gi\u1ea3ng vi\u00ean l\u00e0 c\u00e1c CEO, Gi\u00e1m \u0111\u1ed1c s\u00e0n, Top Seller v\u1edbi h\u01a1n 10 n\u0103m kinh nghi\u1ec7m tr\u00ean th\u1ecb tr\u01b0\u1eddng.<\/p>\r\n<\/div>\r\n<\/div>\r\n<div class=\"flex gap-4\">\r\n<div class=\"flex-shrink-0 w-12 h-12 rounded-full bg-blue-100 dark:bg-blue-900\/30 flex items-center justify-center text-primary dark:text-blue-400 font-bold text-xl\">3<\/div>\r\n<div>\r\n<h4 class=\"text-xl font-bold text-gray-900 dark:text-white mb-2\">L\u1ea5y th\u1ef1c h\u00e0nh l\u00e0m tr\u1ecdng t\u00e2m<\/h4>\r\n<p class=\"text-gray-600 dark:text-gray-400\">H\u1ecdc \u0111i \u0111\u00f4i v\u1edbi h\u00e0nh. C\u1ea7m tay ch\u1ec9 vi\u1ec7c, r\u00e8n luy\u1ec7n k\u1ef9 n\u0103ng ngay t\u1ea1i l\u1edbp h\u1ecdc.<\/p>\r\n<\/div>\r\n<\/div>\r\n<div class=\"flex gap-4\">\r\n<div class=\"flex-shrink-0 w-12 h-12 rounded-full bg-red-100 dark:bg-red-900\/30 flex items-center justify-center text-secondary font-bold text-xl\">4<\/div>\r\n<div>\r\n<h4 class=\"text-xl font-bold text-gray-900 dark:text-white mb-2\">Cam k\u1ebft ch\u1ea5t l\u01b0\u1ee3ng<\/h4>\r\n<p class=\"text-gray-600 dark:text-gray-400\">\u0110\u1ed3ng h\u00e0nh tr\u1ecdn \u0111\u1eddi, h\u1ed7 tr\u1ee3 gi\u1ea3i \u0111\u00e1p th\u1eafc m\u1eafc v\u00e0 c\u1eadp nh\u1eadt ki\u1ebfn th\u1ee9c ngay c\u1ea3 sau kh\u00f3a h\u1ecdc.<\/p>\r\n<\/div>\r\n<\/div>\r\n<\/div>\r\n<\/div>\r\n<\/div>\r\n<\/div>\r\n<\/section>\r\n<section class=\"py-20 bg-surface-light dark:bg-surface-dark relative\">\r\n<div class=\"max-w-5xl mx-auto px-4 sm:px-6 lg:px-8 text-center\">\r\n<h2 class=\"text-3xl font-bold text-primary dark:text-blue-400 mb-12 uppercase tracking-wide\">Cam k\u1ebft \u0111\u1ed3ng h\u00e0nh &amp; H\u1ee3p t\u00e1c hi\u1ec7u qu\u1ea3<\/h2>\r\n<div class=\"grid md:grid-cols-1 gap-6\">\r\n<div class=\"bg-gradient-to-r from-primary to-blue-700 p-6 rounded-lg shadow-lg transform hover:scale-[1.02] transition-transform duration-300\">\r\n<div class=\"flex items-center justify-center gap-4\">\r\n<span class=\"material-icons text-white text-3xl\">handshake<\/span>\r\n<h3 class=\"text-xl font-semibold text-white\">\u0110\u1ed3ng h\u00e0nh c\u00f9ng m\u00f4i gi\u1edbi tr\u00ean con \u0111\u01b0\u1eddng l\u00e0m ngh\u1ec1<\/h3>\r\n<\/div>\r\n<\/div>\r\n<div class=\"bg-gradient-to-r from-blue-600 to-blue-500 p-6 rounded-lg shadow-lg transform hover:scale-[1.02] transition-transform duration-300\">\r\n<div class=\"flex items-center justify-center gap-4\">\r\n<span class=\"material-icons text-white text-3xl\">business<\/span>\r\n<h3 class=\"text-xl font-semibold text-white\">\u0110\u1ed3ng h\u00e0nh c\u00f9ng doanh nghi\u1ec7p trong \u0111\u00e0o t\u1ea1o &amp; ph\u00e1t tri\u1ec3n \u0111\u1ed9i ng\u0169<\/h3>\r\n<\/div>\r\n<\/div>\r\n<div class=\"bg-gradient-to-r from-blue-900 to-primary p-6 rounded-lg shadow-lg transform hover:scale-[1.02] transition-transform duration-300\">\r\n<div class=\"flex items-center justify-center gap-4\">\r\n<span class=\"material-icons text-white text-3xl\">diamond<\/span>\r\n<h3 class=\"text-xl font-semibold text-white\">L\u1ea5y gi\u00e1 tr\u1ecb th\u1eadt &amp; k\u1ebft qu\u1ea3 l\u00e0m trung t\u00e2m<\/h3>\r\n<\/div>\r\n<\/div>\r\n<\/div>\r\n<div class=\"mt-12\">\r\n<button class=\"bg-secondary hover:bg-red-700 text-white font-bold py-3 px-8 rounded-full shadow-lg transition-colors duration-300 text-lg\">\r\n                    \u0110\u0103ng k\u00fd t\u01b0 v\u1ea5n ngay\r\n                <\/button>\r\n<\/div>\r\n<\/div>\r\n<\/section>\r\n<\/div>\r\n\r\n<\/body><\/html>\t\t\t\t<\/div>\n\t\t\t\t<\/div>\n\t\t\t\t<\/div>\n\t\t","protected":false},"excerpt":{"rendered":"<p>Gi\u1edbi thi\u1ec7u Heart Academy V\u1ec0 HEART ACADEMY H\u1ecdc vi\u1ec7n B\u1ea5t \u0111\u1ed9ng s\u1ea3n Th\u1ef1c chi\u1ebfn h\u00e0ng \u0111\u1ea7u Vi\u1ec7t Nam Tri\u1ebft l\u00fd gi\u00e1o d\u1ee5c H\u1ecdc b\u1eb1ng Tr\u00e1i tim D\u1eabn \u0111\u1ea7u b\u1eb1ng Tri th\u1ee9c T\u1ea1i Heart Academy, ch\u00fang t\u00f4i tin r\u1eb1ng n\u1ec1n t\u1ea3ng c\u1ee7a m\u1ecdi th\u00e0nh c\u00f4ng b\u1ec1n v\u1eefng trong l\u0129nh v\u1ef1c b\u1ea5t \u0111\u1ed9ng s\u1ea3n kh\u00f4ng ch\u1ec9 \u0111\u1ebfn [&hellip;]<\/p>\n","protected":false},"author":1,"featured_media":50,"parent":0,"menu_order":0,"comment_status":"closed","ping_status":"closed","template":"elementor_header_footer","meta":{"_acf_changed":false,"footnotes":""},"class_list":["post-45","page","type-page","status-publish","has-post-thumbnail","hentry"],"acf":[],"_links":{"self":[{"href":"https:\/\/heartacademy.edu.vn\/index.php\/wp-json\/wp\/v2\/pages\/45","targetHints":{"allow":["GET"]}}],"collection":[{"href":"https:\/\/heartacademy.edu.vn\/index.php\/wp-json\/wp\/v2\/pages"}],"about":[{"href":"https:\/\/heartacademy.edu.vn\/index.php\/wp-json\/wp\/v2\/types\/page"}],"author":[{"embeddable":true,"href":"https:\/\/heartacademy.edu.vn\/index.php\/wp-json\/wp\/v2\/users\/1"}],"replies":[{"embeddable":true,"href":"https:\/\/heartacademy.edu.vn\/index.php\/wp-json\/wp\/v2\/comments?post=45"}],"version-history":[{"count":52,"href":"https:\/\/heartacademy.edu.vn\/index.php\/wp-json\/wp\/v2\/pages\/45\/revisions"}],"predecessor-version":[{"id":868,"href":"https:\/\/heartacademy.edu.vn\/index.php\/wp-json\/wp\/v2\/pages\/45\/revisions\/868"}],"wp:featuredmedia":[{"embeddable":true,"href":"https:\/\/heartacademy.edu.vn\/index.php\/wp-json\/wp\/v2\/media\/50"}],"wp:attachment":[{"href":"https:\/\/heartacademy.edu.vn\/index.php\/wp-json\/wp\/v2\/media?parent=45"}],"curies":[{"name":"wp","href":"https:\/\/api.w.org\/{rel}","templated":true}]}}